{"id":9287,"date":"2024-09-26T16:38:30","date_gmt":"2024-09-26T14:38:30","guid":{"rendered":"https:\/\/www.eddh-airport.de\/eddhairport\/?page_id=9287"},"modified":"2025-08-31T19:55:34","modified_gmt":"2025-08-31T17:55:34","slug":"civil-aviation-news","status":"publish","type":"page","link":"https:\/\/www.eddh-airport.de\/eddhairport\/civil-aviation-news\/","title":{"rendered":"Civil Aviation Newsletter"},"content":{"rendered":"<h2>Neuigkeiten zu Fluggesellschaften weltweit als Onlinemagazin<\/h2>\n\n\n<p>Was als CAT-Newsletter auf einer Frankfurter Website begann und als gedankliche Weiterf\u00fchrung des Luftfahrtjournal gedacht war, hat nun hier auf eddh-airport.de eine neue Heimat gefunden. Es ist als Online-Magazin gedacht und f\u00fcr euch kostenlos, auch wenn dort jede Menge Arbeit drinne steckt. Wir w\u00fcnschen euch viel Spa\u00df beim Lesen. Auf dieser Seite findet ihr nach und nach alle Ausgaben. Entweder bl\u00e4ttert ihr hier direkt durch oder ladet euch das pdf herunter.<\/p>\n\n\n\n<div class=\"_df_book df-lite\" id=\"df_10036\"  _slug=\"can-letter-03-2025\" data-title=\"can-letter-03-2025\" wpoptions=\"true\" thumb=\"https:\/\/www.eddh-airport.de\/eddhairport\/wp-content\/uploads\/2025\/08\/CAN-Letter-01-2025-1-scaled.jpg\" thumbtype=\"\" ><\/div><script class=\"df-shortcode-script\" nowprocket type=\"application\/javascript\">window.option_df_10036 = {\"outline\":[],\"autoEnableOutline\":\"false\",\"autoEnableThumbnail\":\"false\",\"overwritePDFOutline\":\"false\",\"direction\":\"1\",\"pageSize\":\"0\",\"source\":\"https:\\\/\\\/www.eddh-airport.de\\\/eddhairport\\\/wp-content\\\/uploads\\\/2025\\\/08\\\/CAN-Letter-03_25.pdf\",\"wpOptions\":\"true\"}; if(window.DFLIP && window.DFLIP.parseBooks){window.DFLIP.parseBooks();}<\/script>\n\n\n<div class=\"sdm_download_item \"><div class=\"sdm_download_item_top\"><div class=\"sdm_download_thumbnail\"><\/div><div class=\"sdm_download_title\">CAN Letter 03\/2025<\/div><\/div><div style=\"clear:both;\"><\/div><div class=\"sdm_download_description\"><\/div><div class=\"sdm_download_link\"><span class=\"sdm_download_button\"><a href=\"https:\/\/www.eddh-airport.de\/eddhairport\/?sdm_process_download=1&download_id=10034\" class=\"sdm_download green\" title=\"CAN Letter 03\/2025\" target=\"_self\">Jetzt herunterladen!<\/a><\/span><span class=\"sdm_download_item_count\"><span class=\"sdm_item_count_number\">211<\/span><span class=\"sdm_item_count_string\"> Downloads<\/span><\/span><\/div><\/div><div class=\"sdm_clear_float\"><\/div>\n\n\n\n<div class=\"_df_book df-lite\" id=\"df_9873\"  _slug=\"can-newsletter-02-2025\" data-title=\"can-newsletter-02-2025\" wpoptions=\"true\" thumb=\"https:\/\/www.eddh-airport.de\/eddhairport\/wp-content\/uploads\/2025\/06\/1.pdf\" thumbtype=\"\" ><\/div><script class=\"df-shortcode-script\" nowprocket type=\"application\/javascript\">window.option_df_9873 = {\"outline\":[],\"autoEnableOutline\":\"false\",\"autoEnableThumbnail\":\"false\",\"overwritePDFOutline\":\"false\",\"direction\":\"1\",\"pageSize\":\"0\",\"source\":\"https:\\\/\\\/www.eddh-airport.de\\\/eddhairport\\\/wp-content\\\/uploads\\\/2025\\\/06\\\/pdf24_zusammengefuegt-6.pdf\",\"wpOptions\":\"true\"}; if(window.DFLIP && window.DFLIP.parseBooks){window.DFLIP.parseBooks();}<\/script>\n\n\n<div class=\"sdm_download_item \"><div class=\"sdm_download_item_top\"><div class=\"sdm_download_thumbnail\"><\/div><div class=\"sdm_download_title\">CAN Letter 02\/2025<\/div><\/div><div style=\"clear:both;\"><\/div><div class=\"sdm_download_description\"><\/div><div class=\"sdm_download_link\"><span class=\"sdm_download_button\"><a href=\"https:\/\/www.eddh-airport.de\/eddhairport\/?sdm_process_download=1&download_id=9880\" class=\"sdm_download green\" title=\"CAN Letter 02\/2025\" target=\"_self\">Jetzt herunterladen!<\/a><\/span><span class=\"sdm_download_item_count\"><span class=\"sdm_item_count_number\">267<\/span><span class=\"sdm_item_count_string\"> Downloads<\/span><\/span><\/div><\/div><div class=\"sdm_clear_float\"><\/div>\n\n\n\n<div class=\"_df_book df-lite\" id=\"df_9758\"  _slug=\"can-letter-01-2025\" data-title=\"can-letter-01-2025\" wpoptions=\"true\" thumb=\"https:\/\/www.eddh-airport.de\/eddhairport\/wp-content\/uploads\/2025\/03\/CAN-Letter-01-2025-1.png\" thumbtype=\"\" ><\/div><script class=\"df-shortcode-script\" nowprocket type=\"application\/javascript\">window.option_df_9758 = {\"outline\":[],\"autoEnableOutline\":\"false\",\"autoEnableThumbnail\":\"false\",\"overwritePDFOutline\":\"false\",\"direction\":\"1\",\"pageSize\":\"0\",\"source\":\"https:\\\/\\\/www.eddh-airport.de\\\/eddhairport\\\/wp-content\\\/uploads\\\/2025\\\/03\\\/pdf24_zusammengefuegt-4.pdf\",\"wpOptions\":\"true\"}; if(window.DFLIP && window.DFLIP.parseBooks){window.DFLIP.parseBooks();}<\/script>\n\n\n<div class=\"sdm_download_item \"><div class=\"sdm_download_item_top\"><div class=\"sdm_download_thumbnail\"><\/div><div class=\"sdm_download_title\">CAN-Letter 01\/2025<\/div><\/div><div style=\"clear:both;\"><\/div><div class=\"sdm_download_description\"><\/div><div class=\"sdm_download_link\"><span class=\"sdm_download_button\"><a href=\"https:\/\/www.eddh-airport.de\/eddhairport\/?sdm_process_download=1&download_id=9762\" class=\"sdm_download green\" title=\"CAN-Letter 01\/2025\" target=\"_self\">Jetzt herunterladen!<\/a><\/span><span class=\"sdm_download_item_count\"><span class=\"sdm_item_count_number\">2114<\/span><span class=\"sdm_item_count_string\"> Downloads<\/span><\/span><\/div><\/div><div class=\"sdm_clear_float\"><\/div>\n\n\n\n<div class=\"_df_book df-lite\" id=\"df_9525\"  _slug=\"can-letter-02-2024\" data-title=\"can-letter-02-2024\" wpoptions=\"true\" thumb=\"https:\/\/www.eddh-airport.de\/eddhairport\/wp-content\/uploads\/2024\/12\/Unbenannt-1-scaled.jpeg\" thumbtype=\"\" ><\/div><script class=\"df-shortcode-script\" nowprocket type=\"application\/javascript\">window.option_df_9525 = {\"outline\":[],\"autoEnableOutline\":\"false\",\"autoEnableThumbnail\":\"false\",\"overwritePDFOutline\":\"false\",\"direction\":\"1\",\"pageSize\":\"0\",\"source\":\"https:\\\/\\\/www.eddh-airport.de\\\/eddhairport\\\/wp-content\\\/uploads\\\/2024\\\/12\\\/pdf24_zusammengefuegt-3.pdf\",\"wpOptions\":\"true\"}; if(window.DFLIP && window.DFLIP.parseBooks){window.DFLIP.parseBooks();}<\/script>\n\n\n<div class=\"sdm_download_button_box_default\"><div class=\"sdm_download_link\"><a href=\"https:\/\/www.eddh-airport.de\/eddhairport\/?sdm_process_download=1&#038;download_id=9530\" class=\"sdm_download green\" title=\"CAN Letter 02\/2024\" >Jetzt herunterladen!<\/a><\/div><\/div>\n\n\n<div class=\"_df_book df-lite\" id=\"df_9308\"  _slug=\"9308\" data-title=\"can-letter-01-2024\" wpoptions=\"true\" thumbtype=\"\" ><\/div><script class=\"df-shortcode-script\" nowprocket type=\"application\/javascript\">window.option_df_9308 = {\"outline\":[],\"autoEnableOutline\":\"false\",\"autoEnableThumbnail\":\"false\",\"overwritePDFOutline\":\"false\",\"direction\":\"1\",\"pageSize\":\"0\",\"source\":\"https:\\\/\\\/www.eddh-airport.de\\\/eddhairport\\\/wp-content\\\/uploads\\\/2024\\\/09\\\/CAN-Newsletter-1.1.pdf\",\"wpOptions\":\"true\"}; if(window.DFLIP && window.DFLIP.parseBooks){window.DFLIP.parseBooks();}<\/script>\n\n\n<div class=\"sdm_download_button_box_default\"><div class=\"sdm_download_link\"><a href=\"https:\/\/www.eddh-airport.de\/eddhairport\/?sdm_process_download=1&#038;download_id=9300\" class=\"sdm_download green\" title=\"Civil Aviation Newsletter 01\/2024\" >Jetzt herunterladen!<\/a><\/div><\/div>\n\n\n<p><\/p>\n","protected":false},"excerpt":{"rendered":"<p>Neuigkeiten zu Fluggesellschaften weltweit als Onlinemagazin Was als CAT-Newsletter auf einer Frankfurter Website begann und als gedankliche Weiterf\u00fchrung des Luftfahrtjournal gedacht war, hat nun hier auf eddh-airport.de eine neue Heimat gefunden. Es ist als Online-Magazin gedacht und f\u00fcr euch kostenlos, auch wenn dort jede Menge Arbeit drinne steckt. Wir w\u00fcnschen euch viel Spa\u00df beim Lesen. [&hellip;]<\/p>\n","protected":false},"author":1,"featured_media":0,"parent":0,"menu_order":0,"comment_status":"closed","ping_status":"closed","template":"","meta":{"_monsterinsights_skip_tracking":false,"_monsterinsights_sitenote_active":false,"_monsterinsights_sitenote_note":"","_monsterinsights_sitenote_category":0,"site-sidebar-layout":"default","site-content-layout":"","ast-site-content-layout":"default","site-content-style":"default","site-sidebar-style":"default","ast-global-header-display":"","ast-banner-title-visibility":"","ast-main-header-display":"","ast-hfb-above-header-display":"","ast-hfb-below-header-display":"","ast-hfb-mobile-header-display":"","site-post-title":"","ast-breadcrumbs-content":"","ast-featured-img":"","footer-sml-layout":"","ast-disable-related-posts":"","theme-transparent-header-meta":"","adv-header-id-meta":"","stick-header-meta":"","header-above-stick-meta":"","header-main-stick-meta":"","header-below-stick-meta":"","astra-migrate-meta-layouts":"set","ast-page-background-enabled":"default","ast-page-background-meta":{"desktop":{"background-color":"","background-image":"","background-repeat":"repeat","background-position":"center center","background-size":"auto","background-attachment":"scroll","background-type":"","background-media":"","overlay-type":"","overlay-color":"","overlay-opacity":"","overlay-gradient":""},"tablet":{"background-color":"","background-image":"","background-repeat":"repeat","background-position":"center center","background-size":"auto","background-attachment":"scroll","background-type":"","background-media":"","overlay-type":"","overlay-color":"","overlay-opacity":"","overlay-gradient":""},"mobile":{"background-color":"","background-image":"","background-repeat":"repeat","background-position":"center center","background-size":"auto","background-attachment":"scroll","background-type":"","background-media":"","overlay-type":"","overlay-color":"","overlay-opacity":"","overlay-gradient":""}},"ast-content-background-meta":{"desktop":{"background-color":"var(--ast-global-color-5)","background-image":"","background-repeat":"repeat","background-position":"center center","background-size":"auto","background-attachment":"scroll","background-type":"","background-media":"","overlay-type":"","overlay-color":"","overlay-opacity":"","overlay-gradient":""},"tablet":{"background-color":"var(--ast-global-color-5)","background-image":"","background-repeat":"repeat","background-position":"center center","background-size":"auto","background-attachment":"scroll","background-type":"","background-media":"","overlay-type":"","overlay-color":"","overlay-opacity":"","overlay-gradient":""},"mobile":{"background-color":"var(--ast-global-color-5)","background-image":"","background-repeat":"repeat","background-position":"center center","background-size":"auto","background-attachment":"scroll","background-type":"","background-media":"","overlay-type":"","overlay-color":"","overlay-opacity":"","overlay-gradient":""}},"footnotes":""},"class_list":["post-9287","page","type-page","status-publish","hentry"],"yoast_head":"<!-- This site is optimized with the Yoast SEO plugin v27.1.1 - https:\/\/yoast.com\/product\/yoast-seo-wordpress\/ -->\n<title>Civil Aviation Newsletter - eddh-airport<\/title>\n<meta name=\"robots\" content=\"index, follow, max-snippet:-1, max-image-preview:large, max-video-preview:-1\" \/>\n<link rel=\"canonical\" href=\"https:\/\/www.eddh-airport.de\/eddhairport\/civil-aviation-news\/\" \/>\n<meta property=\"og:locale\" content=\"de_DE\" \/>\n<meta property=\"og:type\" content=\"article\" \/>\n<meta property=\"og:title\" content=\"Civil Aviation Newsletter - eddh-airport\" \/>\n<meta property=\"og:description\" content=\"Neuigkeiten zu Fluggesellschaften weltweit als Onlinemagazin Was als CAT-Newsletter auf einer Frankfurter Website begann und als gedankliche Weiterf\u00fchrung des Luftfahrtjournal gedacht war, hat nun hier auf eddh-airport.de eine neue Heimat gefunden. Es ist als Online-Magazin gedacht und f\u00fcr euch kostenlos, auch wenn dort jede Menge Arbeit drinne steckt. Wir w\u00fcnschen euch viel Spa\u00df beim Lesen. [&hellip;]\" \/>\n<meta property=\"og:url\" content=\"https:\/\/www.eddh-airport.de\/eddhairport\/civil-aviation-news\/\" \/>\n<meta property=\"og:site_name\" content=\"eddh-airport\" \/>\n<meta property=\"article:publisher\" content=\"https:\/\/www.facebook.com\/eddhairport\/\" \/>\n<meta property=\"article:modified_time\" content=\"2025-08-31T17:55:34+00:00\" \/>\n<meta name=\"twitter:card\" content=\"summary_large_image\" \/>\n<meta name=\"twitter:site\" content=\"@EDDH_airport_de\" \/>\n<meta name=\"twitter:label1\" content=\"Gesch\u00e4tzte Lesezeit\" \/>\n\t<meta name=\"twitter:data1\" content=\"1\u00a0Minute\" \/>\n<script type=\"application\/ld+json\" class=\"yoast-schema-graph\">{\"@context\":\"https:\/\/schema.org\",\"@graph\":[{\"@type\":\"WebPage\",\"@id\":\"https:\/\/www.eddh-airport.de\/eddhairport\/civil-aviation-news\/\",\"url\":\"https:\/\/www.eddh-airport.de\/eddhairport\/civil-aviation-news\/\",\"name\":\"Civil Aviation Newsletter - eddh-airport\",\"isPartOf\":{\"@id\":\"https:\/\/www.eddh-airport.de\/eddhairport\/#website\"},\"datePublished\":\"2024-09-26T14:38:30+00:00\",\"dateModified\":\"2025-08-31T17:55:34+00:00\",\"breadcrumb\":{\"@id\":\"https:\/\/www.eddh-airport.de\/eddhairport\/civil-aviation-news\/#breadcrumb\"},\"inLanguage\":\"de\",\"potentialAction\":[{\"@type\":\"ReadAction\",\"target\":[\"https:\/\/www.eddh-airport.de\/eddhairport\/civil-aviation-news\/\"]}]},{\"@type\":\"BreadcrumbList\",\"@id\":\"https:\/\/www.eddh-airport.de\/eddhairport\/civil-aviation-news\/#breadcrumb\",\"itemListElement\":[{\"@type\":\"ListItem\",\"position\":1,\"name\":\"Startseite\",\"item\":\"https:\/\/www.eddh-airport.de\/eddhairport\/\"},{\"@type\":\"ListItem\",\"position\":2,\"name\":\"Civil Aviation Newsletter\"}]},{\"@type\":\"WebSite\",\"@id\":\"https:\/\/www.eddh-airport.de\/eddhairport\/#website\",\"url\":\"https:\/\/www.eddh-airport.de\/eddhairport\/\",\"name\":\"eddh-airport\",\"description\":\"Luftfahrtnews und Planespotting aus Hamburg\",\"publisher\":{\"@id\":\"https:\/\/www.eddh-airport.de\/eddhairport\/#organization\"},\"potentialAction\":[{\"@type\":\"SearchAction\",\"target\":{\"@type\":\"EntryPoint\",\"urlTemplate\":\"https:\/\/www.eddh-airport.de\/eddhairport\/?s={search_term_string}\"},\"query-input\":{\"@type\":\"PropertyValueSpecification\",\"valueRequired\":true,\"valueName\":\"search_term_string\"}}],\"inLanguage\":\"de\"},{\"@type\":\"Organization\",\"@id\":\"https:\/\/www.eddh-airport.de\/eddhairport\/#organization\",\"name\":\"eddh-airport\",\"url\":\"https:\/\/www.eddh-airport.de\/eddhairport\/\",\"logo\":{\"@type\":\"ImageObject\",\"inLanguage\":\"de\",\"@id\":\"https:\/\/www.eddh-airport.de\/eddhairport\/#\/schema\/logo\/image\/\",\"url\":\"https:\/\/www.eddh-airport.de\/eddhairport\/wp-content\/uploads\/2018\/10\/cropped-Neues-Logo-blau-eine-Ebene-2.jpg\",\"contentUrl\":\"https:\/\/www.eddh-airport.de\/eddhairport\/wp-content\/uploads\/2018\/10\/cropped-Neues-Logo-blau-eine-Ebene-2.jpg\",\"width\":512,\"height\":512,\"caption\":\"eddh-airport\"},\"image\":{\"@id\":\"https:\/\/www.eddh-airport.de\/eddhairport\/#\/schema\/logo\/image\/\"},\"sameAs\":[\"https:\/\/www.facebook.com\/eddhairport\/\",\"https:\/\/x.com\/EDDH_airport_de\",\"https:\/\/www.instagram.com\/eddhairport\/?hl=de\"]}]}<\/script>\n<!-- \/ Yoast SEO plugin. -->","yoast_head_json":{"title":"Civil Aviation Newsletter - eddh-airport","robots":{"index":"index","follow":"follow","max-snippet":"max-snippet:-1","max-image-preview":"max-image-preview:large","max-video-preview":"max-video-preview:-1"},"canonical":"https:\/\/www.eddh-airport.de\/eddhairport\/civil-aviation-news\/","og_locale":"de_DE","og_type":"article","og_title":"Civil Aviation Newsletter - eddh-airport","og_description":"Neuigkeiten zu Fluggesellschaften weltweit als Onlinemagazin Was als CAT-Newsletter auf einer Frankfurter Website begann und als gedankliche Weiterf\u00fchrung des Luftfahrtjournal gedacht war, hat nun hier auf eddh-airport.de eine neue Heimat gefunden. Es ist als Online-Magazin gedacht und f\u00fcr euch kostenlos, auch wenn dort jede Menge Arbeit drinne steckt. Wir w\u00fcnschen euch viel Spa\u00df beim Lesen. [&hellip;]","og_url":"https:\/\/www.eddh-airport.de\/eddhairport\/civil-aviation-news\/","og_site_name":"eddh-airport","article_publisher":"https:\/\/www.facebook.com\/eddhairport\/","article_modified_time":"2025-08-31T17:55:34+00:00","twitter_card":"summary_large_image","twitter_site":"@EDDH_airport_de","twitter_misc":{"Gesch\u00e4tzte Lesezeit":"1\u00a0Minute"},"schema":{"@context":"https:\/\/schema.org","@graph":[{"@type":"WebPage","@id":"https:\/\/www.eddh-airport.de\/eddhairport\/civil-aviation-news\/","url":"https:\/\/www.eddh-airport.de\/eddhairport\/civil-aviation-news\/","name":"Civil Aviation Newsletter - eddh-airport","isPartOf":{"@id":"https:\/\/www.eddh-airport.de\/eddhairport\/#website"},"datePublished":"2024-09-26T14:38:30+00:00","dateModified":"2025-08-31T17:55:34+00:00","breadcrumb":{"@id":"https:\/\/www.eddh-airport.de\/eddhairport\/civil-aviation-news\/#breadcrumb"},"inLanguage":"de","potentialAction":[{"@type":"ReadAction","target":["https:\/\/www.eddh-airport.de\/eddhairport\/civil-aviation-news\/"]}]},{"@type":"BreadcrumbList","@id":"https:\/\/www.eddh-airport.de\/eddhairport\/civil-aviation-news\/#breadcrumb","itemListElement":[{"@type":"ListItem","position":1,"name":"Startseite","item":"https:\/\/www.eddh-airport.de\/eddhairport\/"},{"@type":"ListItem","position":2,"name":"Civil Aviation Newsletter"}]},{"@type":"WebSite","@id":"https:\/\/www.eddh-airport.de\/eddhairport\/#website","url":"https:\/\/www.eddh-airport.de\/eddhairport\/","name":"eddh-airport","description":"Luftfahrtnews und Planespotting aus Hamburg","publisher":{"@id":"https:\/\/www.eddh-airport.de\/eddhairport\/#organization"},"potentialAction":[{"@type":"SearchAction","target":{"@type":"EntryPoint","urlTemplate":"https:\/\/www.eddh-airport.de\/eddhairport\/?s={search_term_string}"},"query-input":{"@type":"PropertyValueSpecification","valueRequired":true,"valueName":"search_term_string"}}],"inLanguage":"de"},{"@type":"Organization","@id":"https:\/\/www.eddh-airport.de\/eddhairport\/#organization","name":"eddh-airport","url":"https:\/\/www.eddh-airport.de\/eddhairport\/","logo":{"@type":"ImageObject","inLanguage":"de","@id":"https:\/\/www.eddh-airport.de\/eddhairport\/#\/schema\/logo\/image\/","url":"https:\/\/www.eddh-airport.de\/eddhairport\/wp-content\/uploads\/2018\/10\/cropped-Neues-Logo-blau-eine-Ebene-2.jpg","contentUrl":"https:\/\/www.eddh-airport.de\/eddhairport\/wp-content\/uploads\/2018\/10\/cropped-Neues-Logo-blau-eine-Ebene-2.jpg","width":512,"height":512,"caption":"eddh-airport"},"image":{"@id":"https:\/\/www.eddh-airport.de\/eddhairport\/#\/schema\/logo\/image\/"},"sameAs":["https:\/\/www.facebook.com\/eddhairport\/","https:\/\/x.com\/EDDH_airport_de","https:\/\/www.instagram.com\/eddhairport\/?hl=de"]}]}},"_links":{"self":[{"href":"https:\/\/www.eddh-airport.de\/eddhairport\/wp-json\/wp\/v2\/pages\/9287","targetHints":{"allow":["GET"]}}],"collection":[{"href":"https:\/\/www.eddh-airport.de\/eddhairport\/wp-json\/wp\/v2\/pages"}],"about":[{"href":"https:\/\/www.eddh-airport.de\/eddhairport\/wp-json\/wp\/v2\/types\/page"}],"author":[{"embeddable":true,"href":"https:\/\/www.eddh-airport.de\/eddhairport\/wp-json\/wp\/v2\/users\/1"}],"replies":[{"embeddable":true,"href":"https:\/\/www.eddh-airport.de\/eddhairport\/wp-json\/wp\/v2\/comments?post=9287"}],"version-history":[{"count":12,"href":"https:\/\/www.eddh-airport.de\/eddhairport\/wp-json\/wp\/v2\/pages\/9287\/revisions"}],"predecessor-version":[{"id":10042,"href":"https:\/\/www.eddh-airport.de\/eddhairport\/wp-json\/wp\/v2\/pages\/9287\/revisions\/10042"}],"wp:attachment":[{"href":"https:\/\/www.eddh-airport.de\/eddhairport\/wp-json\/wp\/v2\/media?parent=9287"}],"curies":[{"name":"wp","href":"https:\/\/api.w.org\/{rel}","templated":true}]}}